vided by 1903.
1847
Calculate the remainder when 25410947 is divided by 50.
47
Calculate the remainder when 3009555 is divided by 1049.
1023
What is the remainder when 1104809 is divided by 368256?
41
What is the remainder when 869230 is divided by 97?
13
Calculate the remainder when 1919018 is divided by 274140.
38
What is the remainder when 37935 is divided by 2708?
23
Calculate the remainder when 29104 is divided by 9645.
169
What is the remainder when 22543 is divided by 5392?
975
Calculate the remainder when 6244348 is divided by 367314.
10
What is the remainder when 988480 is divided by 103?
92
Calculate the remainder when 911482 is divided by 116.
70
What is the remainder when 45549 is divided by 205?
39
What is the remainder when 443261 is divided by 84?
77
What is the remainder when 1313289 is divided by 67?
22
Calculate the remainder when 14393173 is divided by 54.
13
Calculate the remainder when 364250 is divided by 1354.
24
Calculate the remainder when 41575 is divided by 586.
555
What is the remainder when 2399318 is divided by 799764?
26
What is the remainder when 165168 is divided by 32999?
173
Calculate the remainder when 3551901 is divided by 136.
125
What is the remainder when 480889 is divided by 821?
604
Calculate the remainder when 27204598 is divided by 6801147.
10
Calculate the remainder when 3823218 is divided by 303.
267
What is the remainder when 649878711 is divided by 14?
13
Calculate the remainder when 1172280 is divided by 46862.
730
What is the remainder when 1966541 is divided by 557?
331
What is the remainder when 509597 is divided by 332?
309
Calculate the remainder when 12695 is divided by 6288.
119
Calculate the remainder when 626717409 is divided by 692.
689
Calculate the remainder when 11493928 is divided by 57.
49
Calculate the remainder when 8194821 is divided by 2731604.
9
Calculate the remainder when 133436 is divided by 16677.
20
Calculate the remainder when 1957264 is divided by 88.
56
What is the remainder when 7619012 is divided by 2330?
2242
What is the remainder when 6600033 is divided by 1442?
1441
What is the remainder when 171011 is divided by 21317?
475
What is the remainder when 21952 is divided by 3459?
1198
Calculate the remainder when 981788 is divided by 32.
28
What is the remainder when 746285 is divided by 149216?
205
Calculate the remainder when 10460336 is divided by 42.
26
What is the remainder when 2163804 is divided by 724?
492
Calculate the remainder when 46279 is divided by 7419.
1765
What is the remainder when 2228636 is divided by 26?
20
Calculate the remainder when 28803 is divided by 173.
85
What is the remainder when 4630690 is divided by 29?
28
Calculate the remainder when 219464532 is divided by 1192742.
4
Calculate the remainder when 548424 is divided by 2638.
2358
Calculate the remainder when 6859405 is divided by 158.
151
Calculate the remainder when 3529488 is divided by 3197.
0
What is the remainder when 7291701 is divided by 2?
1
What is the remainder when 550569 is divided by 16?
9
Calculate the remainder when 13974155 is divided by 2771.
2
Calculate the remainder when 55460272 is divided by 1654.
1652
Calculate the remainder when 48414 is divided by 3610.
1484
What is the remainder when 318432 is divided by 836?
752
Calculate the remainder when 54184492 is divided by 1274.
1272
What is the remainder when 12582438 is divided by 6291218?
2
What is the remainder when 6265565 is divided by 6042?
11
Calculate the remainder when 79023577 is divided by 233.
229
What is the remainder when 298219 is divided by 497?
19
Calculate the remainder when 32825 is divided by 11.
1
What is the remainder when 6016 is divided by 905?
586
Calculate the remainder when 1260052 is divided by 421.
420
Calculate the remainder when 1119 is divided by 995.
124
What is the remainder when 742871 is divided by 1257?
1241
Calculate the remainder when 2026212 is divided by 50.
12
Calculate the remainder when 2020553 is divided by 136.
1
What is the remainder when 395127 is divided by 394870?
257
Calculate the remainder when 32736 is divided by 93.
0
What is the remainder when 8284 is divided by 3569?
1146
Calculate the remainder when 3676690 is divided by 62315.
105
What is the remainder when 109894 is divided by 480?
454
What is the remainder when 731851 is divided by 401?
26
Calculate the remainder when 28479 is divided by 1160.
639
What is the remainder when 4719273 is divided by 666?
663
What is the remainder when 86695716 is divided by 151?
123
What is the remainder when 1526950 is divided by 385?
40
What is the remainder when 887058 is divided by 8693?
372
What is the remainder when 2487803 is divided by 177640?
843
Calculate the remainder when 5568740 is divided by 26.
8
What is the remainder when 2516 is divided by 1512?
1004
What is the remainder when 1742639 is divided by 442?
275
Calculate the remainder when 1295202 is divided by 68.
6
What is the remainder when 179750 is divided by 22465?
30
What is the remainder when 23793 is divided by 1315?
123
What is the remainder when 570694 is divided by 20358?
670
Calculate the remainder when 3947727 is divided by 10.
7
Calculate the remainder when 2329325 is divided by 194081.
353
Calculate the remainder when 54353941 is divided by 13588485.
1
What is the remainder when 2541003 is divided by 1473?
78
What is the remainder when 102551 is divided by 54?
5
Calculate the remainder when 2761829 is divided by 306855.
134
Calculate the remainder when 126132548 is divided by 103.
87
Calculate the remainder when 17617071 is divided by 3260.
31
Calculate the remainder when 283697793 is divided by 37.
34
What is the remainder when 1297409 is divided by 216234?
5
Calculate the remainder when 5508843 is divided by 21.
18
What is the remainder when 488260 is divided by 488175?
85
What is the remainder when 22175296 is divided by 11087628?
40
Calculate the remainder when 39546 is divided by 3132.
1962
Calculate the remainder when 25970994 is divided by 39894.
0
What is the remainder when 60487520 is divided by 60487500?
20
What is the remainder when 137360863 is divided by 15262318?
1
What is the remainder when 3380322 is divided by 1197?
1191
Calculate the remainder when 6444848 is divided by 429647.
143
What is the remainder when 28721838 is divided by 48?
30
What is the remainder when 235889 is divided by 14533?
3361
Calculate the remainder when 314691 is divided by 62829.
546
Calculate the remainder when 63955860 is divided by 41.
1
Calculate the remainder when 3266498 is divided by 353.
189
What is the remainder when 21238127 is divided by 1769842?
23
Calculate the remainder when 1044 is divided by 79.
17
Calculate the remainder when 5647630 is divided by 289.
281
What is the remainder when 375781 is divided by 375620?
161
What is the remainder when 13446244 is divided by 40379?
37
What is the remainder when 3156647 is divided by 390?
377
Calculate the remainder when 12494112 is divided by 6247049.
14
Calculate the remainder when 678529 is divided by 86.
75
What is the remainder when 130256132 is divided by 38?
36
What is the remainder when 778885 is divided by 197?
144
What is the remainder when 163373 is divided by 81630?
113
Calculate the remainder when 102640 is divided by 10255.
90
Calculate the remainder when 4808729 is divided by 7.
2
Calculate the remainder when 1598357 is divided by 451.
13
What is the remainder when 554285911 is divided by 508?
507
Calculate the remainder when 30412 is divided by 200.
12
Calculate the remainder when 4667756 is divided by 637.
457
What is the remainder when 114004 is divided by 1702?
1672
What is the remainder when 3445780 is divided by 23929?
4
What is the remainder when 370441 is divided by 4358?
11
Calculate the remainder when 449982 is divided by 11217.
1302
What is the remainder when 684924 is divided by 712?
692
What is the remainder when 168469002 is divided by 4259?
4257
Calculate the remainder when 8918 is divided by 7913.
1005
Calculate the remainder when 14480663 is divided by 1152.
23
Calculate the remainder when 18393173 is divided by 2983.
2978
What is the remainder when 49300473 is divided by 12325116?
9
What is the remainder when 9020169 is divided by 31210?
479
What is the remainder when 1